f 92 and 3496.
92
What is the highest common factor of 17680 and 34?
34
Calculate the highest common factor of 3900 and 13.
13
Calculate the highest common factor of 10 and 2080.
10
What is the highest common factor of 48 and 15536?
16
What is the highest common divisor of 21 and 273?
21
Calculate the highest common factor of 4 and 484.
4
What is the greatest common factor of 8 and 10?
2
Calculate the highest common factor of 378 and 54.
54
Calculate the highest common divisor of 52 and 9932.
52
Calculate the greatest common factor of 34 and 1513.
17
Calculate the greatest common factor of 25 and 1275.
25
Calculate the greatest common factor of 11 and 59587.
11
Calculate the greatest common factor of 406 and 522.
58
Calculate the highest common factor of 4698 and 58.
58
Calculate the highest common divisor of 102 and 54.
6
What is the greatest common divisor of 814 and 132?
22
What is the highest common divisor of 120 and 108?
12
What is the greatest common factor of 1927 and 205?
41
Calculate the highest common factor of 192 and 612.
12
Calculate the highest common divisor of 184 and 4094.
46
What is the greatest common divisor of 15 and 435?
15
What is the greatest common divisor of 1 and 469?
1
Calculate the highest common factor of 146 and 146.
146
Calculate the highest common divisor of 8 and 3.
1
Calculate the greatest common factor of 2912 and 952.
56
Calculate the greatest common factor of 21 and 525.
21
Calculate the greatest common divisor of 6696 and 432.
216
Calculate the greatest common factor of 57 and 817.
19
Calculate the greatest common factor of 135 and 18.
9
Calculate the greatest common factor of 490 and 50.
10
Calculate the highest common factor of 2871 and 11.
11
Calculate the greatest common divisor of 30861 and 486.
243
What is the greatest common divisor of 2758 and 28?
14
What is the highest common divisor of 2849 and 308?
77
What is the highest common factor of 873 and 7275?
291
Calculate the greatest common factor of 456 and 4636.
76
Calculate the greatest common factor of 42 and 147.
21
Calculate the highest common factor of 32 and 208.
16
What is the greatest common factor of 41 and 779?
41
What is the greatest common divisor of 196 and 41356?
196
What is the highest common divisor of 2948 and 88?
44
What is the highest common factor of 6 and 327?
3
Calculate the highest common factor of 75 and 50.
25
What is the greatest common divisor of 385 and 55?
55
Calculate the greatest common factor of 13 and 2119.
13
What is the greatest common factor of 50 and 800?
50
Calculate the highest common factor of 40 and 740.
20
Calculate the highest common factor of 252 and 45.
9
Calculate the greatest common divisor of 5842 and 2.
2
What is the highest common factor of 24 and 38328?
24
What is the highest common factor of 13 and 1079?
13
Calculate the greatest common factor of 318 and 72.
6
Calculate the greatest common divisor of 1410 and 290.
10
What is the highest common divisor of 760 and 1976?
152
Calculate the greatest common divisor of 602 and 14.
14
What is the greatest common divisor of 483 and 69?
69
What is the greatest common factor of 575 and 50?
25
Calculate the highest common factor of 1022 and 49.
7
Calculate the greatest common factor of 663 and 408.
51
Calculate the greatest common factor of 2607 and 11.
11
Calculate the greatest common factor of 192 and 12.
12
Calculate the greatest common divisor of 4031 and 87.
29
Calculate the greatest common divisor of 46 and 6394.
46
Calculate the highest common divisor of 2170 and 210.
70
Calculate the greatest common divisor of 91 and 455.
91
What is the highest common divisor of 2041 and 471?
157
Calculate the highest common divisor of 22 and 28402.
22
What is the greatest common factor of 7992 and 72?
72
Calculate the highest common divisor of 1715 and 9065.
245
Calculate the greatest common divisor of 1632 and 96.
96
Calculate the highest common divisor of 1243 and 452.
113
Calculate the highest common factor of 4 and 25.
1
Calculate the highest common factor of 30 and 13290.
30
Calculate the highest common factor of 108 and 7044.
12
Calculate the greatest common factor of 24 and 37932.
12
What is the highest common factor of 6768 and 32?
16
What is the greatest common factor of 945 and 210?
105
What is the greatest common divisor of 1419 and 99?
33
Calculate the highest common factor of 5 and 1340.
5
Calculate the highest common divisor of 67 and 16281.
67
Calculate the greatest common divisor of 1659 and 189.
21
What is the greatest common factor of 95 and 235?
5
What is the highest common divisor of 1 and 29?
1
Calculate the highest common factor of 270 and 150.
30
Calculate the highest common divisor of 106 and 1378.
106
What is the highest common factor of 276 and 368?
92
What is the greatest common factor of 741 and 57?
57
What is the greatest common factor of 68423 and 53?
53
What is the highest common factor of 14 and 5460?
14
Calculate the highest common divisor of 3013 and 131.
131
Calculate the highest common divisor of 4028 and 152.
76
Calculate the highest common divisor of 500 and 2300.
100
Calculate the greatest common divisor of 2032 and 144.
16
Calculate the highest common factor of 27 and 621.
27
What is the greatest common divisor of 4773 and 148?
37
What is the highest common factor of 5 and 148?
1
Calculate the highest common factor of 6 and 48.
6
Calculate the highest common divisor of 93 and 403.
31
What is the greatest common factor of 36 and 5742?
18
Calculate the greatest common factor of 10 and 250.
10
What is the highest common divisor of 10 and 1500?
10
What is the greatest common factor of 21114 and 1955?
391
Calculate the highest common divisor of 17995 and 61.
61
Calculate the highest common divisor of 3674 and 55.
11
Calculate the highest common divisor of 1 and 164.
1
What is the highest common divisor of 6357 and 195?
39
What is the greatest common factor of 615 and 435?
15
What is the highest common divisor of 525 and 6475?
175
Calculate the greatest common divisor of 133 and 847.
7
Calculate the greatest common divisor of 204 and 12.
12
Calculate the highest common factor of 8 and 808.
8
What is the greatest common divisor of 53 and 1?
1
Calculate the greatest common factor of 38 and 817.
19
Calculate the greatest common factor of 14784 and 33.
33
Calculate the greatest common factor of 24 and 486.
6
Calculate the highest common divisor of 138 and 24.
6
What is the highest common factor of 12 and 8?
4
Calculate the highest common factor of 156 and 48.
12
Calculate the highest common divisor of 24 and 40680.
24
Calculate the highest common divisor of 6 and 66.
6
What is the greatest common factor of 2013 and 33?
33
Calculate the highest common factor of 21 and 2.
1
Calculate the greatest common factor of 15 and 21435.
15
What is the highest common factor of 290 and 130?
10
Calculate the greatest common factor of 360 and 420.
60
Calculate the greatest common factor of 12 and 282.
6
Calculate the highest common factor of 45 and 1.
1
What is the greatest common factor of 108 and 480?
12
Calculate the highest common divisor of 52 and 13.
13
Calculate the highest common factor of 8 and 14.
2
What is the greatest common factor of 9 and 18?
9
Calculate the greatest common divisor of 372 and 60.
12
What is the highest common divisor of 35 and 7?
7
What is the highest common divisor of 24 and 68?
4
What is the highest common divisor of 189 and 108?
27
What is the highest common factor of 33831 and 189?
189
What is the highest common divisor of 1530 and 405?
45
Calculate the highest common divisor of 2282 and 14.
14
Calculate the highest common divisor of 100 and 80.
20
Calculate the greatest common divisor of 21 and 33.
3
What is the highest common factor of 3 and 149?
1
What is the highest common divisor of 196 and 1813?
49
Calculate the greatest common factor of 94 and 14194.
94
Calculate the highest common factor of 416 and 1568.
32
Calculate the greatest common divisor of 28 and 1932.
28
Calculate the highest common divisor of 117 and 1079.
13
Calculate the greatest common divisor of 4608 and 36.
36
What is the highest common factor of 8 and 576?
8
What is the highest common factor of 240 and 640?
80
What is the highest common fa